*a = 15. Let c(w) = -3*w - 7. Let z be c(t). Suppose z*u - 2*g = 206, 0*g + 4 = g. What is the tens digit of u?
0
Let t be 3 + (-5)/15*-6387 - 0. Suppose 4*q - 4 = 0, -3*o + t = -0*q + 5*q. What is the hundreds digit of o?
7
Suppose 5*h + 3*q = 30145, -5*h + h = -2*q - 24116. What is the units digit of h?
9
Suppose j - 6 = 4*j, 40 = 3*m - 2*j. Suppose -4*f = -0*f - m. Suppose 2*k - 4*x = 48, -f*x - x = 3*k - 62. What is the units digit of k?
2
Suppose 25*s = 925376 + 53699. What is the units digit of s?
3
Let p = -84 - -116. Suppose -3*u = -11*u + p. Suppose t + t - 4*i = 200, -t + 100 = u*i. What is the tens digit of t?
0
Let v(n) = n**3 + 5*n**2 + n - 8. Let d be v(-4). Suppose 2*l = d*g - 2 - 10, l = 3*g - 11. Suppose -2*w + g = -31. What is the tens digit of w?
1
Suppose i = -5*a + 4*i + 762, -2*a + i + 305 = 0. Let r = -169 - -337. Suppose r = 157*s - a*s. What is the tens digit of s?
4
Let t(m) = m**3 - 6*m**2 - m + 7. Let c = 58 + -51. What is the tens digit of t(c)?
4
Let g = 15817 - 9620. What is the tens digit of g?
9
Let a = 47522 + -20842. What is the thousands digit of a?
6
Let a(g) = -2*g**2 + 13*g + 28. Let v be a(-10). Let w = 1178 + v. What is the hundreds digit of w?
8
Suppose 0 = 4*m + 3*m - 29631. Suppose -4*s = -3*h - m, -1205 - 1967 = -3*s + 5*h. What is the hundreds digit of s?
0
Suppose 10 - 18 = -4*h. Suppose 12 - h = 5*d. Let s = 16 - d. What is the tens digit of s?
1
Let z be (-1)/((-5 - -3) + 3). Let i = 50 - z. Suppose 3*w - i = -2*l, -w + 3 = -0. What is the tens digit of l?
2
Let v = -9754 + 16460. What is the tens digit of v?
0
Let m = 5988 + 577. What is the units digit of m?
5
Suppose 19013 + 23577 = 10*g. What is the tens digit of g?
5
Let l = 172 - 270. Let s = 102 + l. Suppose 5*b = -s*m + 321, 3*b + 312 = 4*m - b. What is the units digit of m?
9
Let h be 2/(-6)*(-3 - 1)*9. Suppose -10*g - 1492 = -h*g. What is the tens digit of g?
4
Suppose 3*d - 2 = -107. What is the tens digit of (-1 - 155/d)/(6/28)?
1
Suppose 0 = 2472*c - 2474*c + 5*a + 6898, 0 = 4*c + 4*a - 13880. What is the thousands digit of c?
3
Let k = 4021 - -10829. What is the tens digit of k?
5
Suppose 4*q - 16 = 0, -91*h - 206017 = -94*h + 5*q. What is the hundreds digit of h?
6
Let p(y) = -y**3 + 4*y**2 + 12*y - 165. What is the tens digit of p(-15)?
3
Let u = -149 - -122. Let x = 103 + u. What is the tens digit of x?
7
Suppose 601 = -2*y + 3*t, -2*y - 305 = 4*t + 261. Let i = y + 808. What is the units digit of i?
5
Let s(m) = -23*m + 557. What is the units digit of s(-21)?
0
Let u = 122 - 140. What is the tens digit of (-24)/u + (-3120)/(-9)?
4
Suppose -100*h = -95*h - 2285. What is the hundreds digit of h?
4
Suppose -103*m + 6099219 + 108385 = 0. What is the hundreds digit of m?
2
Let t(r) = -r**3 - 3*r - 133. Let q be t(0). What is the tens digit of (-12)/18 + q*(-17)/3?
5
Let g(k) = k**2 - 16*k + 765. What is the units digit of g(39)?
2
What is the tens digit of (-10 + 968/66)*13662/4?
3
Let v(q) = -q - 15. Let d be 102/12*(-4 + 2). Let i be v(d). Suppose 105 = i*n - 9. What is the units digit of n?
7
Let c be (2025/(-25))/((-3)/2). Let u = c - 52. Suppose -82 - 76 = -2*z + u*v, -2*v - 242 = -3*z. What is the tens digit of z?
8
Let h(l) = 3176*l - 3260. What is the ten thousands digit of h(7)?
1
Suppose 0 = 12*m - 11*m - 29. Suppose m = 3*q + 2. What is the hundreds digit of (q/1 + -2)*23?
1
What is the units digit of -17 - (-6 + -6) - -27755?
0
Let a = 5555 + -2943. Suppose -a = -21*t + 1525. What is the tens digit of t?
9
Suppose 5*i - 11009 - 2838 = -x, 0 = 3*x + 2*i - 41450. What is the hundreds digit of x?
8
Let x(c) = -2*c + 8. Let v be x(-4). Suppose -4*g = -40 - v. What is the tens digit of (2/(-4))/(g/(-1876))?
6
Let b(p) = 4*p - 103. Let i be b(26). Let f(m) = 156*m + 18. What is the tens digit of f(i)?
7
Let r(d) be the third derivative of 23*d**4/24 + 25*d**3/6 + d**2. Let j(o) = -o - 1. Let y(n) = -4*j(n) - r(n). What is the units digit of y(-6)?
3
Let s = 51 - 33. Suppose 0*q + s = 6*q. Suppose -2*h - 3*c + 110 = -c, -5*h + q*c = -251. What is the units digit of h?
2
Let a(z) = z**2 + 8*z - 33. Suppose -4*b + 1 + 7 = 0. Suppose b*h = 0, -h + 3*h = -4*y - 68. What is the tens digit of a(y)?
2
Let f = -14 + 10. Let x be -3*((-33)/9 - f). What is the tens digit of x + (-9)/(18/(-28))?
1
Let i be (-30)/(-12)*12/5. What is the hundreds digit of 3/(18/i) + 529?
5
What is the thousands digit of 56223/(((-210)/28)/(-5))?
7
What is the thousands digit of 280352/40 + 2/(30/3)?
7
Let w(q) = 4722*q**2 - 10*q - 2. What is the tens digit of w(-1)?
3
Let k = -166 + 175. What is the hundreds digit of (7/(42/k))/((-12)/(-3632))?
4
Suppose 6*w + 24 = 3*q + 9*w, -15 = -3*w. Suppose -q*t + 4*j = -1599, -4*t = 2*j - 110 - 2000. What is the units digit of t?
9
Let r = 19264 - 6926. What is the units digit of r?
8
Let b be 3/(-4) - (-4920)/32. What is the units digit of (b/(-6))/((-24)/64)?
8
Suppose 637*t - 642*t + 237956 = -q, -95177 = -2*t - 5*q. What is the tens digit of t?
9
Suppose 5*n = -3*r + 59591, 21*r - 3*n = 18*r + 59631. Suppose 24*k = 6*k + r. What is the tens digit of k?
0
Let f = 669 - 664. Let h = 2624 - 1643. Suppose -4*g - f*g + h = 0. What is the tens digit of g?
0
Let s = -4291 + 13611. What is the units digit of s?
0
What is the ten thousands digit of (5*2029)/((177 + -188)*(-2)/22)?
1
Let k = -11775 - -20948. What is the tens digit of k?
7
Let a(s) = 53*s**2 - 2*s + 57. Let b be a(-8). Suppose 5*x + b = 8*x. What is the thousands digit of x?
1
Let a(q) = -q**2 - 19*q + 8. Let f(i) = i + 8. Let l be f(-5). Suppose 7*g = -l*r + 4*g - 36, -3*r = 4*g + 31. What is the units digit of a(r)?
2
Let y = 32 + -30. What is the units digit of 911/((y - 4)/(-2))?
1
Let z(l) = -2*l**2 + 26*l + 15. Let n be z(13). Suppose -16*p + 8 = -n*p. What is the tens digit of 1125/12 - (-2)/p?
9
Let h = 20195 - 11917. What is the units digit of h?
8
Let z = -396 - 60. Let b = 1008 + z. What is the tens digit of b?
5
Suppose h - 26 = 4*x + 77, -2*h = 5*x + 145. Let y be (x/48)/(3/(-76))*100. Suppose y = 18*v - 3*v. What is the tens digit of v?
9
Suppose 164863 - 38653 = 15*t. What is the hundreds digit of t?
4
Let p(t) = -7*t + 40. Suppose -x - 53 + 157 = d, 2*x = d - 104. Let u = -109 + d. What is the units digit of p(u)?
5
Let y be -8*(8 + (-60)/5). Suppose n = 568 + y. What is the hundreds digit of n?
6
Let t be ((-14)/6 - -2)/((-9)/81). Suppose t*k = -2*o + 33, 5*o - 2*k = 30 + 81. Suppose -9*l + o = -8*l. What is the units digit of l?
1
Let w(i) be the first derivative of 17 + 2*i - 49/2*i**2. What is the tens digit of w(-2)?
0
Let w = -19 + 21. Suppose -2*q + 35 = -v, -27 = -w*q + 2*v + 7. Suppose -2*i + 5*y = -43 - q, y + 187 = 5*i. What is the units digit of i?
8
Let s(w) = 5*w - 79. Let r be s(23). Suppose 5*d - 2*a - r = 0, -3*a = -d - d + 21. What is the units digit of (d/4)/((-9)/(-126))?
1
Suppose 3*g - 55509 = n - 3*n, 4*n + 5*g = 111017. What is the hundreds digit of n?
7
Let t be -23 + (-1 + 6 - -1). Let b = 163 + t. What is the tens digit of b?
4
Let o(g) = 3*g - 25. Let h be o(7). Let w = 8 - h. What is the units digit of ((-390)/w - 5)/(6/(-8))?
0
Suppose -14 - 1 = -5*q. Let n(a) = -a**2 - 4*a + 7. Let m be n(-5). Suppose 2*y - 24 = -m*z - 0*y, -q*y - 27 = -4*z. What is the units digit of z?
9
Let g(f) = -f**3 + 4*f**2 + 10*f - 14. Let z be g(6). Let b = z - -33. Suppose -5*t - 320 = 2*u - b*u, -5*t + 88 = u. What is the units digit of u?
8
Suppose -5275*b = 2*i - 5276*b - 123109, i = -3*b + 61579. What is the units digit of i?
8
Let h be (8/6)/(7/21). Let v be -247 - 5/(10/h). Let o = v - -461. What is the hundreds digit of o?
2
What is the ten thousands digit of -14 + 2 + (-221004)/(-12) + -24?
1
Let c(p) = p**2 - 7*p + 2. Let y be c(10). Let f be (-7)/(-2)*126/147. Suppose u - 8 = -a, 4*u - 3*u + y = f*a. What is the units digit of a?
0
Let v = 339 - -96. Suppose v = s + 32*z - 28*z, s + 2*z - 441 = 0. What is the hundreds digit of s?
4
Suppose 4*h = -2*x + 52, 10 - 51 = -3*h - 2*x. Suppose 2*j - 57 = -d, 307 = -90*d + 95*d - j. Suppose h = 6*i - d. What is the tens digit of i?
1
Let v be -3*(3 - (11 + -5)). Let t(h) = 3*h**2 - 14*h - 27. What is the tens digit of t(v)?
9
Let t(k) = -2*k**3 - 6*k**2 - 5*k + 6. Let i be t(-7)